979?
7
What is the thousands digit of 473866?
3
What is the ten thousands digit of 731374?
3
What is the units digit of 656694?
4
What is the millions digit of 23847696?
3
What is the hundred thousands digit of 4458103?
4
What is the thousands digit of 11017201?
7
What is the thousands digit of 69888?
9
What is the units digit of 5941755?
5
What is the units digit of 46788?
8
What is the units digit of 2192411?
1
What is the units digit of 1105949?
9
What is the millions digit of 1420471?
1
What is the hundreds digit of 68143?
1
What is the ten thousands digit of 265841?
6
What is the units digit of 3711610?
0
What is the thousands digit of 366423?
6
What is the hundred thousands digit of 2675186?
6
What is the ten thousands digit of 1003318?
0
What is the ten thousands digit of 348592?
4
What is the hundreds digit of 18455394?
3
What is the hundred thousands digit of 7951296?
9
What is the millions digit of 8020260?
8
What is the hundreds digit of 1404645?
6
What is the units digit of 2800388?
8
What is the hundred thousands digit of 4025230?
0
What is the thousands digit of 2527244?
7
What is the ten thousands digit of 1674172?
7
What is the units digit of 441618?
8
What is the tens digit of 787326?
2
What is the tens digit of 237123?
2
What is the thousands digit of 76929?
6
What is the hundreds digit of 467521?
5
What is the units digit of 12707?
7
What is the units digit of 5095844?
4
What is the units digit of 495848?
8
What is the thousands digit of 33656087?
6
What is the tens digit of 2745543?
4
What is the tens digit of 460049?
4
What is the units digit of 1981871?
1
What is the units digit of 26328?
8
What is the units digit of 1162377?
7
What is the units digit of 5722213?
3
What is the hundreds digit of 6038096?
0
What is the hundreds digit of 8925377?
3
What is the hundreds digit of 4479563?
5
What is the hundreds digit of 537493?
4
What is the units digit of 5296821?
1
What is the units digit of 370915?
5
What is the thousands digit of 609108?
9
What is the tens digit of 13105087?
8
What is the units digit of 4952645?
5
What is the tens digit of 240767?
6
What is the tens digit of 207958?
5
What is the hundreds digit of 14904864?
8
What is the hundreds digit of 6985694?
6
What is the units digit of 5163679?
9
What is the thousands digit of 321355?
1
What is the thousands digit of 11569468?
9
What is the hundreds digit of 65410?
4
What is the ten thousands digit of 4220182?
2
What is the tens digit of 1565896?
9
What is the ten thousands digit of 11820383?
2
What is the hundreds digit of 295035?
0
What is the millions digit of 18338432?
8
What is the tens digit of 20699443?
4
What is the thousands digit of 16251771?
1
What is the tens digit of 5313126?
2
What is the units digit of 307178?
8
What is the ten thousands digit of 576134?
7
What is the hundreds digit of 12117558?
5
What is the hundreds digit of 471721?
7
What is the units digit of 2359916?
6
What is the units digit of 10763431?
1
What is the units digit of 1925225?
5
What is the units digit of 78980?
0
What is the ten thousands digit of 2269414?
6
What is the units digit of 9344973?
3
What is the units digit of 754841?
1
What is the hundred thousands digit of 5488186?
4
What is the ten thousands digit of 378887?
7
What is the ten millions digit of 26503065?
2
What is the hundreds digit of 28783470?
4
What is the ten thousands digit of 856774?
5
What is the hundred thousands digit of 24095605?
0
What is the thousands digit of 18204242?
4
What is the hundreds digit of 416626?
6
What is the units digit of 14985090?
0
What is the units digit of 2612?
2
What is the hundreds digit of 50961?
9
What is the ten thousands digit of 9787023?
8
What is the tens digit of 407545?
4
What is the thousands digit of 1066625?
6
What is the ten thousands digit of 17747049?
4
What is the hundred thousands digit of 856637?
8
What is the hundreds digit of 425845?
8
What is the tens digit of 5551811?
1
What is the hundred thousands digit of 998327?
9
What is the units digit of 16194237?
7
What is the units digit of 11903319?
9
What is the units digit of 84219?
9
What is the units digit of 2323869?
9
What is the tens digit of 330011?
1
What is the ten thousands digit of 350102?
5
What is the units digit of 50337?
7
What is the units digit of 125041?
1
What is the units digit of 569375?
5
What is the ten thousands digit of 11858813?
5
What is the thousands digit of 654100?
4
What is the ten thousands digit of 1188450?
8
What is the tens digit of 188777?
7
What is the units digit of 27960228?
8
What is the ten millions digit of 24399141?
2
What is the ten thousands digit of 36843213?
4
What is the units digit of 6366107?
7
What is the ten thousands digit of 249211?
4
What is the tens digit of 702890?
9
What is the ten thousands digit of 974644?
7
What is the hundred thousands digit of 26273899?
2
What is the hundred thousands digit of 36184298?
1
What is the hundreds digit of 110583?
5
What is the ten thousands digit of 166932?
6
What is the tens digit of 13791248?
4
What is the hundred thousands digit of 862737?
8
What is the units digit of 57033?
3
What is the hundreds digit of 506336?
3
What is the millions digit of 1184502?
1
What is the thousands digit of 129822?
9
What is the hundred thousands digit of 634919?
6
What is the ten thousands digit of 553209?
5
What is the hundred thousands digit of 2159704?
1
What is the hundreds digit of 374417?
4
What is the thousands digit of 8452775?
2
What is the millions digit of 8474183?
8
What is the ten thousands digit of 375948?
7
What is the hundreds digit of 1067972?
9
What is the thousands digit of 11065106?
5
What is the tens digit of 203450?
5
What is the units digit of 263461?
1
What is the units digit of 12472243?
3
What is the tens digit of 755026?
2
What is the millions digit of 1219506?
1
What is the tens digit of 758256?
5
What is the hundreds digit of 521076?
0
What is the thousands digit of 1637840?
7
What is the hundred thousands digit of 998640?
9
What is the units digit of 11915500?
0
What is the hundreds digit of 689159?
1
What is the thousands digit of 4202124?
2
What is the millions digit of 35952940?
5
What is the hundreds digit of 554796?
7
What is the millions digit of 3411604?
3
What is the hundreds digit of 3843140?
1
What is the tens digit of 79755?
5
What is the hundreds digit of 200018?
0
What is the ten thousands digit of 539993?
3
What is the millions digit of 4998203?
4
What is the millions digit of 1627541?
1
What is the ten thousands digit of 1787051?
8
What is the tens digit of 563340?
4
What is the thousands digit of 1428748?
8
What is the units digit of 169842?
2
What is the units digit of 23999927?
7
What is the thousands digit of 394750?
4
What is the ten thousands digit of 637241?
3
What is the hundred thousands digit of 18913452?
9
What is the hundred thousands digit of 27617697?
6
What is the units digit of 1546?
6
What is the hundreds digit of 1188346?
3
What is the units digit of 16095829?
9
What is the hundreds digit of 126334?
3
What is the tens digit of 19026829?
2
What is the ten thousands digit of 237613?
3
What is the thousands digit of 826648?
6
What is the hundreds digit of 4893?
8
What is the hundred thousands digit of 279358?
2
What is the tens digit of 229959?
5
What is the hundred thousands digit of 492076?
4
What is the thousands digit of 8626683?
6
What is the ten thousands digit of 1585086?
8
What is the units digit of 31682?
2
What is the thousands digit of 530728?
0
What is the ten thousands digit of 201238?
0
What is the millions digit of 25662182?
5
What is the units digit of 176621?
1
What is the hundreds digit of 340026?
0
What is the units digit of 8821073?
3
What is the ten millions digit of 12010637?
1
What is the hundreds digit of 535456?
4
What is the ten thousands digit of 831914?
3
What is the tens digit of 359879?
7
What is the hundred thousands digit of 853770?
8
What is the tens digit of 16241162?
6
What is the ten thousands digit of 101939?
0
What is the tens digit of 4842125?
2
What is the millions digit of 20759228?
0
What is the thousands digit of 4139113?
9
What is the ten thousands digit of 410124?
1
What is the tens digit of 489216?
1
What is the units digit of 176036